ctor of 13 and 7.
1
Calculate the greatest common divisor of 1591 and 43.
43
Calculate the greatest common factor of 24 and 42.
6
What is the highest common factor of 51 and 23307?
51
Calculate the highest common factor of 11235 and 168.
21
What is the greatest common divisor of 55 and 1045?
55
Calculate the greatest common factor of 2 and 10.
2
What is the highest common divisor of 697 and 170?
17
What is the highest common divisor of 22984 and 136?
136
Calculate the greatest common divisor of 9690 and 38.
38
Calculate the highest common factor of 142 and 1917.
71
Calculate the greatest common divisor of 60 and 680.
20
What is the highest common divisor of 168 and 8232?
168
What is the greatest common factor of 22 and 14?
2
What is the greatest common factor of 72 and 568?
8
What is the highest common factor of 1256 and 8?
8
What is the highest common divisor of 1725 and 75?
75
What is the greatest common divisor of 48 and 188?
4
Calculate the greatest common divisor of 54 and 36.
18
What is the greatest common divisor of 6170 and 20?
10
What is the highest common factor of 168 and 462?
42
What is the highest common factor of 38 and 5282?
38
Calculate the greatest common divisor of 1892 and 88.
44
What is the greatest common factor of 70 and 525?
35
What is the greatest common factor of 75 and 2050?
25
What is the highest common factor of 684 and 57?
57
Calculate the highest common factor of 1305 and 42630.
435
Calculate the highest common divisor of 5755 and 5.
5
What is the greatest common factor of 704 and 9064?
88
What is the highest common divisor of 381 and 254?
127
What is the highest common divisor of 256 and 1408?
128
Calculate the highest common factor of 184 and 253.
23
Calculate the highest common factor of 37 and 66970.
37
Calculate the highest common factor of 5709 and 33.
33
Calculate the highest common factor of 154 and 110.
22
What is the highest common factor of 108 and 12906?
54
Calculate the greatest common divisor of 99 and 22.
11
Calculate the highest common divisor of 2000 and 170.
10
Calculate the greatest common factor of 216 and 200.
8
Calculate the greatest common divisor of 8 and 292.
4
What is the greatest common factor of 73 and 1?
1
Calculate the greatest common divisor of 903 and 21027.
129
What is the greatest common divisor of 1199 and 451?
11
Calculate the greatest common divisor of 24 and 160.
8
Calculate the greatest common factor of 252 and 5320.
28
What is the highest common divisor of 15 and 48?
3
What is the highest common factor of 144 and 240?
48
What is the greatest common divisor of 1180 and 30?
10
What is the greatest common factor of 1606 and 1022?
146
Calculate the greatest common divisor of 756 and 56.
28
What is the greatest common factor of 280 and 120?
40
Calculate the greatest common factor of 35 and 182.
7
What is the greatest common factor of 8307 and 585?
117
Calculate the greatest common divisor of 361 and 988.
19
What is the greatest common divisor of 30 and 11370?
30
Calculate the highest common divisor of 58 and 58.
58
What is the greatest common factor of 2 and 145?
1
Calculate the greatest common factor of 1403 and 23.
23
What is the highest common factor of 10 and 250?
10
What is the greatest common divisor of 1903 and 11?
11
What is the greatest common factor of 16 and 1448?
8
What is the greatest common factor of 300 and 2580?
60
Calculate the highest common factor of 2 and 618.
2
What is the greatest common divisor of 429 and 78?
39
Calculate the highest common divisor of 589 and 38.
19
What is the highest common factor of 32 and 44?
4
Calculate the greatest common factor of 1241 and 73.
73
What is the greatest common divisor of 75 and 2325?
75
Calculate the highest common factor of 2422 and 14.
14
Calculate the highest common divisor of 41 and 1.
1
Calculate the highest common divisor of 525 and 120.
15
Calculate the highest common factor of 1813 and 74.
37
What is the highest common factor of 212 and 8?
4
Calculate the highest common divisor of 52 and 16.
4
Calculate the greatest common divisor of 7 and 28.
7
Calculate the highest common divisor of 188 and 1504.
188
What is the highest common divisor of 56 and 70?
14
What is the highest common factor of 16 and 2?
2
What is the greatest common divisor of 12 and 66?
6
Calculate the highest common divisor of 49 and 1.
1
Calculate the greatest common factor of 43 and 43.
43
Calculate the highest common divisor of 295 and 59.
59
Calculate the greatest common divisor of 8 and 58448.
8
What is the highest common divisor of 216 and 1656?
72
What is the greatest common factor of 2091 and 615?
123
What is the greatest common divisor of 140 and 260?
20
What is the highest common factor of 3 and 111?
3
Calculate the greatest common factor of 2021 and 43.
43
What is the highest common factor of 1054 and 124?
62
Calculate the greatest common divisor of 638 and 58.
58
What is the greatest common divisor of 9 and 24?
3
Calculate the greatest common divisor of 28 and 1428.
28
What is the highest common factor of 396 and 33?
33
Calculate the highest common divisor of 45 and 1035.
45
What is the greatest common factor of 810 and 240?
30
Calculate the highest common divisor of 1125 and 36.
9
What is the highest common factor of 3770 and 87?
29
Calculate the greatest common divisor of 48 and 66.
6
What is the greatest common factor of 4 and 212?
4
What is the greatest common factor of 1073 and 29?
29
What is the highest common divisor of 19 and 13471?
19
Calculate the greatest common factor of 10081 and 153.
17
Calculate the greatest common divisor of 2695 and 1960.
245
What is the highest common factor of 399 and 294?
21
Calculate the greatest common factor of 26 and 25766.
26
What is the highest common factor of 261 and 1653?
87
What is the highest common divisor of 52 and 299?
13
What is the highest common factor of 9 and 144?
9
Calculate the greatest common factor of 192 and 480.
96
What is the greatest common divisor of 220 and 44?
44
Calculate the greatest common factor of 11770 and 220.
110
What is the highest common factor of 36 and 48?
12
What is the highest common divisor of 32 and 928?
32
What is the greatest common factor of 675 and 810?
135
Calculate the greatest common divisor of 1924 and 91.
13
Calculate the highest common divisor of 1312 and 32.
32
Calculate the highest common factor of 39 and 208.
13
Calculate the greatest common divisor of 7 and 1631.
7
Calculate the greatest common factor of 578 and 102.
34
Calculate the highest common factor of 12838 and 392.
98
Calculate the greatest common divisor of 1246 and 28.
14
Calculate the greatest common divisor of 1024 and 8.
8
What is the highest common factor of 1843 and 95?
19
Calculate the greatest common divisor of 6 and 402.
6
What is the greatest common factor of 1815 and 240?
15
What is the highest common factor of 85 and 1411?
17
What is the greatest common factor of 14487 and 33?
33
What is the highest common factor of 5778 and 27?
27
Calculate the greatest common factor of 18928 and 13.
13
Calculate the highest common factor of 122 and 2989.
61
Calculate the highest common factor of 164 and 4.
4
Calculate the highest common factor of 5 and 85.
5
Calculate the highest common divisor of 75 and 1695.
15
Calculate the greatest common divisor of 350 and 42.
14
What is the highest common divisor of 3 and 103?
1
What is the greatest common factor of 1149 and 6?
3
What is the greatest common divisor of 496 and 31?
31
Calculate the highest common factor of 2328 and 24.
24
Calculate the greatest common divisor of 1078 and 1274.
98
Calculate the highest common divisor of 36 and 1251.
9
Calculate the greatest common factor of 273 and 234.
39
What is the highest common factor of 630 and 2880?
90
What is the highest common factor of 54 and 45?
9
Calculate the highest common divisor of 1508 and 299.
13
Calculate the greatest common divisor of 13 and 1781.
13
Calculate the greatest common divisor of 13 and 403.
13
Calculate the highest common divisor of 60 and 24.
12
What is the highest common divisor of 886 and 4?
2
Calculate the greatest common divisor of 169 and 52.
13
Calculate the greatest common divisor of 614 and 8289.
307
What is the greatest common factor of 775 and 217?
31